{"id":291,"date":"2016-11-14T21:06:31","date_gmt":"2016-11-14T20:06:31","guid":{"rendered":"https:\/\/flaskman.gymgmunden.at\/?page_id=291"},"modified":"2016-11-14T21:06:31","modified_gmt":"2016-11-14T20:06:31","slug":"briggs-rauscher-reaktion","status":"publish","type":"page","link":"https:\/\/flaskman.gymgmunden.at\/index.php\/chemieolympiade\/briggs-rauscher-reaktion\/","title":{"rendered":"Briggs-Rauscher Reaktion"},"content":{"rendered":"<p><em>Als &#8222;Chemisches Pendel&#8220; fand diese Reaktion Eingang in die Chemieolympiade und zwar \u00fcber die Physikolympiade. So weit, so gut.<\/em><\/p>\n<p>Die Sensation an dieser Reaktion ist, dass sich nicht wie bei fast allen Reaktionen ein chemisches Gleichgewicht zwischen Ausgangsstoff und Produkt einstellt, sondern vielmehr mehrere Gleichgewichtsreaktion in einem Zusammenspiel zwischen zwei Zust\u00e4nden hin und her oszillieren. Diese Tatsache galt lange als unm\u00f6glich, da nach dem 2. Hauptsatz der Thermodynamik die Ordnung eines Systems immer nur abnehmen kann. Das gilt allerdings nur f\u00fcr abgeschlossene Systeme und nicht f\u00fcr eine (selbstverst\u00e4ndlich nicht ewig) oszillierende Reaktion (die Sauerstoff abgibt).<\/p>\n<h3>Vorbereitung<\/h3>\n<p>Stelle folgende drei L\u00f6sungen A, B und C her.<\/p>\n<h5>L\u00f6sung A<\/h5>\n<p>43 g KIO<sub>3<\/sub><br \/>\n4.5 ml H<sub>2<\/sub>SO<sub>4<\/sub><\/p>\n<h5>L\u00f6sung B<\/h5>\n<p>15.6 g H<sub>2<\/sub>C(COOH)<sub>2<\/sub><br \/>\n3.4 g Mn(SO<sub>4<\/sub>).H<sub>2<\/sub>O<br \/>\n4 g St\u00e4rke<\/p>\n<h5>L\u00f6sung C<\/h5>\n<p>400 ml H<sub>2<\/sub>O<sub>2<\/sub><\/p>\n<h4>Anleitung zur Herstellung<\/h4>\n<p><a href=\"https:\/\/flaskman.gymgmunden.at\/wp-content\/uploads\/2016\/11\/Anleitung.png\"><img loading=\"lazy\" decoding=\"async\" class=\"aligncenter size-large wp-image-292\" src=\"https:\/\/flaskman.gymgmunden.at\/wp-content\/uploads\/2016\/11\/Anleitung-1024x529.png\" alt=\"anleitung\" width=\"840\" height=\"434\" srcset=\"https:\/\/flaskman.gymgmunden.at\/wp-content\/uploads\/2016\/11\/Anleitung-1024x529.png 1024w, https:\/\/flaskman.gymgmunden.at\/wp-content\/uploads\/2016\/11\/Anleitung-300x155.png 300w, https:\/\/flaskman.gymgmunden.at\/wp-content\/uploads\/2016\/11\/Anleitung-768x397.png 768w, https:\/\/flaskman.gymgmunden.at\/wp-content\/uploads\/2016\/11\/Anleitung-1200x620.png 1200w, https:\/\/flaskman.gymgmunden.at\/wp-content\/uploads\/2016\/11\/Anleitung.png 1680w\" sizes=\"auto, (max-width: 840px) 100vw, 840px\" \/><\/a><\/p>\n<h3>Durchf\u00fchrung<\/h3>\n<p>F\u00fcge zu gleichen Menge von L\u00f6sung A und L\u00f6sung B unter heftigem R\u00fchren L\u00f6sung C (wieder gleiche Menge) hinzu.<\/p>\n<h3>Beschreibung<\/h3>\n<p>Kaliumiodat reagiert unter Abgabe von Sauerstoff zu Iodid. Das Gleichgewicht geht aber \u00fcber zahlreiche Zwischenreaktionen<a href=\"https:\/\/flaskman.gymgmunden.at\/wp-content\/uploads\/2016\/11\/Briggs-Rauscher.png\"><img loading=\"lazy\" decoding=\"async\" class=\"aligncenter size-large wp-image-293\" src=\"https:\/\/flaskman.gymgmunden.at\/wp-content\/uploads\/2016\/11\/Briggs-Rauscher-386x1024.png\" alt=\"zahlreiche Zwischenreaktionen\" width=\"386\" height=\"1024\" srcset=\"https:\/\/flaskman.gymgmunden.at\/wp-content\/uploads\/2016\/11\/Briggs-Rauscher-386x1024.png 386w, https:\/\/flaskman.gymgmunden.at\/wp-content\/uploads\/2016\/11\/Briggs-Rauscher-113x300.png 113w, https:\/\/flaskman.gymgmunden.at\/wp-content\/uploads\/2016\/11\/Briggs-Rauscher-768x2036.png 768w, https:\/\/flaskman.gymgmunden.at\/wp-content\/uploads\/2016\/11\/Briggs-Rauscher.png 801w\" sizes=\"auto, (max-width: 386px) 100vw, 386px\" \/><\/a>Das Ergebnis ist ein wechselndes Farbspiel zwischen farblos, braun und blau.<\/p>\n<p><a href=\"https:\/\/flaskman.gymgmunden.at\/wp-content\/uploads\/2016\/11\/Briggs-Rauscher-2.png\"><img loading=\"lazy\" decoding=\"async\" class=\"aligncenter size-large wp-image-294\" src=\"https:\/\/flaskman.gymgmunden.at\/wp-content\/uploads\/2016\/11\/Briggs-Rauscher-2-1024x618.png\" alt=\"briggs-rauscher-2\" width=\"840\" height=\"507\" srcset=\"https:\/\/flaskman.gymgmunden.at\/wp-content\/uploads\/2016\/11\/Briggs-Rauscher-2-1024x618.png 1024w, https:\/\/flaskman.gymgmunden.at\/wp-content\/uploads\/2016\/11\/Briggs-Rauscher-2-300x181.png 300w, https:\/\/flaskman.gymgmunden.at\/wp-content\/uploads\/2016\/11\/Briggs-Rauscher-2-768x463.png 768w, https:\/\/flaskman.gymgmunden.at\/wp-content\/uploads\/2016\/11\/Briggs-Rauscher-2-1200x724.png 1200w, https:\/\/flaskman.gymgmunden.at\/wp-content\/uploads\/2016\/11\/Briggs-Rauscher-2.png 1364w\" sizes=\"auto, (max-width: 840px) 100vw, 840px\" \/><\/a><\/p>\n<p>&nbsp;<\/p>\n","protected":false},"excerpt":{"rendered":"<p>Als &#8222;Chemisches Pendel&#8220; fand diese Reaktion Eingang in die Chemieolympiade und zwar \u00fcber die Physikolympiade. So weit, so gut. Die Sensation an dieser Reaktion ist, dass sich nicht wie bei fast allen Reaktionen ein chemisches Gleichgewicht zwischen Ausgangsstoff und Produkt einstellt, sondern vielmehr mehrere Gleichgewichtsreaktion in einem Zusammenspiel zwischen zwei Zust\u00e4nden hin und her oszillieren. [&hellip;]<\/p>\n","protected":false},"author":3,"featured_media":0,"parent":103,"menu_order":0,"comment_status":"closed","ping_status":"closed","template":"","meta":{"footnotes":""},"class_list":["post-291","page","type-page","status-publish","hentry"],"_links":{"self":[{"href":"https:\/\/flaskman.gymgmunden.at\/index.php\/wp-json\/wp\/v2\/pages\/291","targetHints":{"allow":["GET"]}}],"collection":[{"href":"https:\/\/flaskman.gymgmunden.at\/index.php\/wp-json\/wp\/v2\/pages"}],"about":[{"href":"https:\/\/flaskman.gymgmunden.at\/index.php\/wp-json\/wp\/v2\/types\/page"}],"author":[{"embeddable":true,"href":"https:\/\/flaskman.gymgmunden.at\/index.php\/wp-json\/wp\/v2\/users\/3"}],"replies":[{"embeddable":true,"href":"https:\/\/flaskman.gymgmunden.at\/index.php\/wp-json\/wp\/v2\/comments?post=291"}],"version-history":[{"count":1,"href":"https:\/\/flaskman.gymgmunden.at\/index.php\/wp-json\/wp\/v2\/pages\/291\/revisions"}],"predecessor-version":[{"id":295,"href":"https:\/\/flaskman.gymgmunden.at\/index.php\/wp-json\/wp\/v2\/pages\/291\/revisions\/295"}],"up":[{"embeddable":true,"href":"https:\/\/flaskman.gymgmunden.at\/index.php\/wp-json\/wp\/v2\/pages\/103"}],"wp:attachment":[{"href":"https:\/\/flaskman.gymgmunden.at\/index.php\/wp-json\/wp\/v2\/media?parent=291"}],"curies":[{"name":"wp","href":"https:\/\/api.w.org\/{rel}","templated":true}]}}