{"id":809,"date":"2018-10-27T10:47:46","date_gmt":"2018-10-27T08:47:46","guid":{"rendered":"https:\/\/flaskman.gymgmunden.at\/?page_id=809"},"modified":"2018-12-03T13:22:00","modified_gmt":"2018-12-03T12:22:00","slug":"chemisches-rechnen","status":"publish","type":"page","link":"https:\/\/flaskman.gymgmunden.at\/index.php\/chemisches-rechnen\/","title":{"rendered":"Chemisches Rechnen"},"content":{"rendered":"<h3>Anleitungen<\/h3>\n<ol>\n<li><a href=\"https:\/\/flaskman.gymgmunden.at\/index.php\/chemisches-rechnen\/das-mol\/\">Das Mol<\/a><\/li>\n<li><a href=\"https:\/\/flaskman.gymgmunden.at\/index.php\/die-molmasse\/\">Die Molmasse<\/a><\/li>\n<li><a href=\"https:\/\/flaskman.gymgmunden.at\/index.php\/chemisches-rechnen\/reaktionsgleichung\/\">Die Reaktionsgleichung<\/a><\/li>\n<li><a href=\"https:\/\/flaskman.gymgmunden.at\/index.php\/elektrochemie\/\">Elektrochemie<\/a><\/li>\n<\/ol>\n<h3>\u00dcbungen<\/h3>\n<ol>\n<li><a href=\"https:\/\/flaskman.gymgmunden.at\/wp-content\/uploads\/2018\/11\/Chemisches-Rechnen-Ue1.pdf\">Chemisches Rechnen<\/a> &#8211; <a href=\"https:\/\/flaskman.gymgmunden.at\/wp-content\/uploads\/2018\/11\/Chemisches-Rechnen-Ue1L.pdf\">\u00dc1 (L\u00f6sungen)<\/a><\/li>\n<li><a href=\"https:\/\/flaskman.gymgmunden.at\/wp-content\/uploads\/2018\/12\/Chemisches-Rechnen-Ue-Oxidationszahlen.pdf\">Oxidationszahlen und Redoxgleichungen<\/a><\/li>\n<\/ol>\n","protected":false},"excerpt":{"rendered":"<p>Anleitungen Das Mol Die Molmasse Die Reaktionsgleichung Elektrochemie \u00dcbungen Chemisches Rechnen &#8211; \u00dc1 (L\u00f6sungen) Oxidationszahlen und Redoxgleichungen<\/p>\n","protected":false},"author":3,"featured_media":0,"parent":0,"menu_order":0,"comment_status":"closed","ping_status":"closed","template":"","meta":{"footnotes":""},"class_list":["post-809","page","type-page","status-publish","hentry"],"_links":{"self":[{"href":"https:\/\/flaskman.gymgmunden.at\/index.php\/wp-json\/wp\/v2\/pages\/809","targetHints":{"allow":["GET"]}}],"collection":[{"href":"https:\/\/flaskman.gymgmunden.at\/index.php\/wp-json\/wp\/v2\/pages"}],"about":[{"href":"https:\/\/flaskman.gymgmunden.at\/index.php\/wp-json\/wp\/v2\/types\/page"}],"author":[{"embeddable":true,"href":"https:\/\/flaskman.gymgmunden.at\/index.php\/wp-json\/wp\/v2\/users\/3"}],"replies":[{"embeddable":true,"href":"https:\/\/flaskman.gymgmunden.at\/index.php\/wp-json\/wp\/v2\/comments?post=809"}],"version-history":[{"count":11,"href":"https:\/\/flaskman.gymgmunden.at\/index.php\/wp-json\/wp\/v2\/pages\/809\/revisions"}],"predecessor-version":[{"id":912,"href":"https:\/\/flaskman.gymgmunden.at\/index.php\/wp-json\/wp\/v2\/pages\/809\/revisions\/912"}],"wp:attachment":[{"href":"https:\/\/flaskman.gymgmunden.at\/index.php\/wp-json\/wp\/v2\/media?parent=809"}],"curies":[{"name":"wp","href":"https:\/\/api.w.org\/{rel}","templated":true}]}}